 166413.
70
What is the remainder when 1620467 is divided by 861?
65
What is the remainder when 10519502 is divided by 9924?
62
Calculate the remainder when 845229 is divided by 422546.
137
Calculate the remainder when 1136422 is divided by 12219.
55
Calculate the remainder when 191426 is divided by 800.
226
Calculate the remainder when 25602 is divided by 1976.
1890
Calculate the remainder when 59112 is divided by 19493.
633
Calculate the remainder when 12960175 is divided by 730.
485
What is the remainder when 182566 is divided by 335?
326
Calculate the remainder when 17836315 is divided by 15.
10
Calculate the remainder when 1986875 is divided by 496711.
31
What is the remainder when 74890487 is divided by 235?
217
Calculate the remainder when 419344 is divided by 3461.
563
Calculate the remainder when 69738 is divided by 4981.
4
Calculate the remainder when 44677 is divided by 3086.
1473
What is the remainder when 8101 is divided by 911?
813
Calculate the remainder when 905450 is divided by 2602.
2556
Calculate the remainder when 312013 is divided by 103916.
265
Calculate the remainder when 32934898 is divided by 1817.
1773
Calculate the remainder when 1004700 is divided by 38641.
34
What is the remainder when 6111735 is divided by 41?
29
Calculate the remainder when 59075905 is divided by 74.
3
What is the remainder when 36693957 is divided by 5241992?
13
Calculate the remainder when 66270016 is divided by 4413.
4408
What is the remainder when 5993985 is divided by 111?
96
What is the remainder when 9263459 is divided by 518?
65
Calculate the remainder when 12850450 is divided by 1473.
1471
Calculate the remainder when 27673043 is divided by 27673036.
7
Calculate the remainder when 688850 is divided by 688842.
8
What is the remainder when 232075 is divided by 11527?
1535
Calculate the remainder when 1494763 is divided by 670.
663
Calculate the remainder when 301898 is divided by 468.
38
What is the remainder when 1598917 is divided by 3468?
169
Calculate the remainder when 742920 is divided by 92793.
576
Calculate the remainder when 3113392 is divided by 1037768.
88
What is the remainder when 2485438 is divided by 7021?
4
Calculate the remainder when 228386156 is divided by 240.
236
Calculate the remainder when 664081 is divided by 41504.
17
What is the remainder when 47846 is divided by 189?
29
Calculate the remainder when 54822 is divided by 2721.
402
Calculate the remainder when 31712381 is divided by 2222.
2219
What is the remainder when 18311764 is divided by 9155875?
14
Calculate the remainder when 3661550 is divided by 3887.
3883
What is the remainder when 2551168 is divided by 383?
5
Calculate the remainder when 25597 is divided by 8508.
73
Calculate the remainder when 117742 is divided by 28778.
2630
What is the remainder when 14132 is divided by 975?
482
What is the remainder when 55451529 is divided by 6161280?
9
What is the remainder when 540736 is divided by 540532?
204
What is the remainder when 115404 is divided by 10352?
1532
What is the remainder when 304771 is divided by 13061?
4368
What is the remainder when 50354530 is divided by 25177261?
8
What is the remainder when 464450 is divided by 31?
8
What is the remainder when 1378553 is divided by 2081?
931
What is the remainder when 219041 is divided by 1903?
196
Calculate the remainder when 103707 is divided by 103606.
101
Calculate the remainder when 335313 is divided by 37.
19
Calculate the remainder when 32004938 is divided by 5798.
5776
What is the remainder when 879891 is divided by 1818?
1797
Calculate the remainder when 860101 is divided by 215002.
93
Calculate the remainder when 57914 is divided by 14209.
1078
Calculate the remainder when 2208003 is divided by 7943.
7792
What is the remainder when 6590598 is divided by 6590590?
8
What is the remainder when 1023477 is divided by 60187?
298
Calculate the remainder when 20937435 is divided by 306.
303
What is the remainder when 101156068 is divided by 8?
4
Calculate the remainder when 178286 is divided by 32.
14
What is the remainder when 126105 is divided by 123155?
2950
Calculate the remainder when 12166735 is divided by 869052.
7
Calculate the remainder when 25583802 is divided by 2165.
2162
Calculate the remainder when 751419 is divided by 120.
99
Calculate the remainder when 171061403 is divided by 6199.
6197
What is the remainder when 2224389 is divided by 2505?
2454
What is the remainder when 455060 is divided by 77?
67
Calculate the remainder when 41655 is divided by 5476.
3323
What is the remainder when 105476 is divided by 2300?
1976
What is the remainder when 14049844 is divided by 1262?
1260
What is the remainder when 357213 is divided by 27?
3
Calculate the remainder when 341800 is divided by 2059.
6
What is the remainder when 8409871 is divided by 8157?
4
Calculate the remainder when 67849 is divided by 1377.
376
What is the remainder when 2573091 is divided by 90?
81
Calculate the remainder when 10263778 is divided by 3421248.
34
Calculate the remainder when 244042986 is divided by 164.
162
What is the remainder when 10430326 is divided by 89?
60
What is the remainder when 76326 is divided by 185?
106
Calculate the remainder when 21054599 is divided by 19.
15
Calculate the remainder when 69227981 is divided by 1357411.
20
Calculate the remainder when 2354245 is divided by 233.
13
Calculate the remainder when 24846815 is divided by 42.
35
What is the remainder when 655448 is divided by 785?
758
Calculate the remainder when 6104408 is divided by 3037.
38
What is the remainder when 757193 is divided by 30268?
493
What is the remainder when 254894 is divided by 2831?
104
Calculate the remainder when 93461 is divided by 26.
17
Calculate the remainder when 120980023 is divided by 7557.
10
Calculate the remainder when 45307 is divided by 353.
123
What is the remainder when 915100 is divided by 3245?
10
What is the remainder when 609560 is divided by 3110?
0
Calculate the remainder when 2520887 is divided by 766.
747
Calculate the remainder when 118987 is divided by 6946.
905
Calculate the remainder when 37533 is divided by 16311.
4911
Calculate the remainder when 2591954 is divided by 2514.
20
Calculate the remainder when 5115233 is divided by 3195.
38
What is the remainder when 9236275 is divided by 81?
7
What is the remainder when 2581720 is divided by 860507?
199
Calculate the remainder when 70416274 is divided by 8526.
40
What is the remainder when 1966766 is divided by 13207?
12130
Calculate the remainder when 353514 is divided by 353495.
19
What is the remainder when 2147526 is divided by 74026?
772
Calculate the remainder when 4444359 is divided by 20.
19
Calculate the remainder when 131182 is divided by 65554.
74
Calculate the remainder when 91437 is divided by 997.
710
What is the remainder when 364782 is divided by 22758?
654
Calculate the remainder when 374020 is divided by 12574.
9374
Calculate the remainder when 159439 is divided by 1101.
895
Calculate the remainder when 345317 is divided by 2229.
2051
What is the remainder when 7186769 is divided by 2395525?
194
What is the remainder when 48459395 is divided by 44?
39
What is the remainder when 26334593 is divided by 493?
12
What is the remainder when 393049 is divided by 3047?
3033
Calculate the remainder when 8989638 is divided by 135.
123
What is the remainder when 920852 is divided by 19?
17
Calculate the remainder when 134442445 is divided by 3257.
3256
What is the remainder when 1092853 is divided by 1969?
58
What is the remainder when 53197181 is divided by 55997?
31
What is the remainder when 11244279 is divided by 25?
4
What is the remainder when 967579549 is divided by 35?
34
What is the remainder when 5586746 is divided by 1018?
980
What is the remainder when 1699684 is divided by 273?
259
What is the remainder when 9438480 is divided by 2291?
1851
What is the remainder when 123448269 is divided by 13471?
25
Calculate the remainder when 30332 is divided by 180.
92
What is the remainder when 123507 is divided by 1586?
1385
What is the remainder when 1053315 is divided by 1133?
758
What is the remainder when 34655910 is divided by 598?
16
Calculate the remainder when 108845 is divided by 36224.
173
Calculate the remainder when 2551